nder when 422 is divided by 217.
205
Calculate the remainder when 872 is divided by 125.
122
Calculate the remainder when 22 is divided by 15.
7
Calculate the remainder when 678 is divided by 73.
21
What is the remainder when 426 is divided by 271?
155
What is the remainder when 469 is divided by 19?
13
What is the remainder when 405 is divided by 45?
0
Calculate the remainder when 209 is divided by 57.
38
Calculate the remainder when 2303 is divided by 72.
71
What is the remainder when 399 is divided by 123?
30
Calculate the remainder when 47 is divided by 25.
22
What is the remainder when 110 is divided by 45?
20
What is the remainder when 2755 is divided by 20?
15
What is the remainder when 465 is divided by 38?
9
What is the remainder when 56 is divided by 32?
24
What is the remainder when 1948 is divided by 65?
63
Calculate the remainder when 741 is divided by 8.
5
What is the remainder when 622 is divided by 46?
24
What is the remainder when 35 is divided by 19?
16
Calculate the remainder when 161 is divided by 52.
5
Calculate the remainder when 179 is divided by 44.
3
Calculate the remainder when 134 is divided by 5.
4
Calculate the remainder when 3981 is divided by 166.
163
What is the remainder when 73 is divided by 11?
7
Calculate the remainder when 68 is divided by 36.
32
What is the remainder when 1691 is divided by 27?
17
What is the remainder when 4347 is divided by 167?
5
Calculate the remainder when 1262 is divided by 79.
77
What is the remainder when 11477 is divided by 28?
25
What is the remainder when 530 is divided by 14?
12
What is the remainder when 872 is divided by 46?
44
What is the remainder when 372 is divided by 22?
20
What is the remainder when 2926 is divided by 416?
14
What is the remainder when 279 is divided by 20?
19
Calculate the remainder when 1032 is divided by 102.
12
Calculate the remainder when 140 is divided by 39.
23
What is the remainder when 1727 is divided by 38?
17
What is the remainder when 183 is divided by 15?
3
Calculate the remainder when 421 is divided by 40.
21
Calculate the remainder when 40 is divided by 25.
15
What is the remainder when 29 is divided by 18?
11
Calculate the remainder when 329 is divided by 14.
7
Calculate the remainder when 121 is divided by 26.
17
Calculate the remainder when 1629 is divided by 82.
71
What is the remainder when 796 is divided by 7?
5
What is the remainder when 150 is divided by 20?
10
What is the remainder when 2457 is divided by 2443?
14
Calculate the remainder when 12651 is divided by 74.
71
Calculate the remainder when 367 is divided by 355.
12
What is the remainder when 719 is divided by 142?
9
Calculate the remainder when 1951 is divided by 63.
61
Calculate the remainder when 699 is divided by 44.
39
Calculate the remainder when 748 is divided by 30.
28
What is the remainder when 20473 is divided by 91?
89
Calculate the remainder when 15333 is divided by 54.
51
What is the remainder when 4219 is divided by 67?
65
What is the remainder when 151 is divided by 22?
19
What is the remainder when 272 is divided by 61?
28
What is the remainder when 535 is divided by 49?
45
Calculate the remainder when 40698 is divided by 22.
20
Calculate the remainder when 524 is divided by 5.
4
Calculate the remainder when 574 is divided by 18.
16
What is the remainder when 91 is divided by 52?
39
Calculate the remainder when 63 is divided by 18.
9
Calculate the remainder when 3366 is divided by 16.
6
What is the remainder when 252 is divided by 11?
10
What is the remainder when 123 is divided by 9?
6
Calculate the remainder when 75 is divided by 27.
21
Calculate the remainder when 5428 is divided by 15.
13
Calculate the remainder when 912 is divided by 131.
126
What is the remainder when 143 is divided by 17?
7
What is the remainder when 3030 is divided by 22?
16
What is the remainder when 417 is divided by 35?
32
What is the remainder when 540 is divided by 24?
12
Calculate the remainder when 23 is divided by 15.
8
What is the remainder when 205 is divided by 23?
21
Calculate the remainder when 446 is divided by 226.
220
What is the remainder when 18338 is divided by 35?
33
Calculate the remainder when 192 is divided by 60.
12
Calculate the remainder when 110 is divided by 60.
50
What is the remainder when 178 is divided by 12?
10
What is the remainder when 321 is divided by 12?
9
Calculate the remainder when 788 is divided by 12.
8
Calculate the remainder when 346 is divided by 41.
18
What is the remainder when 194 is divided by 20?
14
What is the remainder when 1484 is divided by 135?
134
Calculate the remainder when 486 is divided by 81.
0
What is the remainder when 281 is divided by 272?
9
What is the remainder when 259 is divided by 151?
108
Calculate the remainder when 85 is divided by 34.
17
Calculate the remainder when 256 is divided by 45.
31
What is the remainder when 351 is divided by 113?
12
Calculate the remainder when 268 is divided by 27.
25
Calculate the remainder when 3750 is divided by 4.
2
Calculate the remainder when 13 is divided by 1.
0
Calculate the remainder when 165 is divided by 10.
5
What is the remainder when 5416 is divided by 63?
61
What is the remainder when 1489 is divided by 495?
4
What is the remainder when 4079 is divided by 272?
271
What is the remainder when 79 is divided by 46?
33
Calculate the remainder when 320 is divided by 89.
53
What is the remainder when 113 is divided by 42?
29
Calculate the remainder when 1494 is divided by 52.
38
Calculate the remainder when 35 is divided by 15.
5
What is the remainder when 541 is divided by 167?
40
What is the remainder when 150 is divided by 46?
12
What is the remainder when 152 is divided by 12?
8
Calculate the remainder when 5354 is divided by 103.
101
Calculate the remainder when 23754 is divided by 4.
2
What is the remainder when 196 is divided by 104?
92
What is the remainder when 3945 is divided by 47?
44
What is the remainder when 191 is divided by 50?
41
Calculate the remainder when 13614 is divided by 148.
146
What is the remainder when 286 is divided by 4?
2
What is the remainder when 275 is divided by 67?
7
Calculate the remainder when 430 is divided by 72.
70
What is the remainder when 247 is divided by 239?
8
Calculate the remainder when 7622 is divided by 125.
122
What is the remainder when 158 is divided by 71?
16
Calculate the remainder when 3197 is divided by 3194.
3
What is the remainder when 179 is divided by 53?
20
What is the remainder when 449 is divided by 90?
89
Calculate the remainder when 303 is divided by 142.
19
What is the remainder when 161 is divided by 38?
9
What is the remainder when 5680 is divided by 299?
298
What is the remainder when 97 is divided by 25?
22
What is the remainder when 69 is divided by 35?
34
Calculate the remainder when 1103 is divided by 123.
119
Calculate the remainder when 525 is divided by 44.
41
What is the remainder when 89 is divided by 20?
9
Calculate the remainder when 149 is divided by 30.
29
What is the remainder when 579 is divided by 64?
3
What is the remainder when 2673 is divided by 81?
0
What is the remainder when 265 is divided by 14?
13
What is the remainder when 412 is divided by 71?
57
Calculate the remainder when 244 is divided by 40.
4
What is the remainder when 120 is divided by 21?
15
Calculate the remainder when 2286 is divided by 143.
141
Calculate the remainder when 79 is divided by 2.
1
Calculate the remainder when 324 is divided by 34.
18
What is the remainder when 205 is divided by 26?
23
Calculate the remainder when 485 is divided by 119.
9
Calculate the remainder when 303 is divided by 38.
37
Calculate the remainder when 1937 is divided by 97.
94
What is the remainder when 447 is divided by 10?
7
Calculate the remainder when 593 is divided by 33.
32
Calculate the remainder when 673 is divided by 324.
25
What is the remainder when 495 is divided by 61?
7
What is the remainder when 6997 is divided by 1397?
12
Calculate the remainder when 916 is divided by 31.
17
What is the remainder when 6 is divided by 1?
0
Calculate the remainder when 358 is divided by 29.
10
What is the remainder when 549 is divided by 91?
3
What is the remainder when 389 is divided by 158?
73
Calculate the remainder when 1894 is d